culate m(51).
9
Let i(z) = 2*z**2 + 2253*z + 107635. Give i(-50).
-15
Let a(d) = -d**2 + 5858*d - 1054979. Calculate a(186).
13
Let p(j) = -425*j**2 - 1933*j + 960. Calculate p(-5).
0
Let b(c) = -3818*c + 7721. Calculate b(2).
85
Let p(r) = r**2 + 1208*r + 94534. Give p(-84).
118
Let z(v) = v**2 + 47*v - 11878. Calculate z(-135).
2
Let o(x) = 14384*x + 201356. Calculate o(-14).
-20
Let l(w) = -115*w - 1690. What is l(-19)?
495
Let u(z) = 158*z**2 + 3468*z - 177. Calculate u(-22).
-1
Let k(l) = 2489*l - 19860. Give k(8).
52
Let t(i) = i**3 - 185*i**2 + 80*i - 14522. Calculate t(185).
278
Let w(o) = 15*o**3 - 1290*o**2 - 1304*o - 21. What is w(87)?
66
Let u(d) = d**2 - 3087*d - 18519. Give u(-6).
39
Let k(t) = -19*t**2 - 294*t + 6261. Calculate k(12).
-3
Let t(k) = 1081*k + 129988. What is t(-120)?
268
Let r(s) = -4335*s + 1083739. What is r(250)?
-11
Let q(l) = 3805*l - 936036. What is q(246)?
-6
Let r(d) = 554*d**2 - 28*d - 596. What is r(-1)?
-14
Let s(l) = 778*l - 189075. Give s(243).
-21
Let i(v) = 2834*v**2 + 717*v - 719. Determine i(1).
2832
Let y(a) = -261*a + 531. Calculate y(8).
-1557
Let y(k) = -10*k**2 + 100*k + 1. What is y(14)?
-559
Let s(i) = -2*i**3 + 24*i**2 - 243*i + 2441. Give s(11).
10
Let l(b) = -b**2 - 1010*b - 20740. Give l(-21).
29
Let l(h) = 2030*h + 109778. Give l(-54).
158
Let w(i) = -1366*i - 33966. Calculate w(-24).
-1182
Let i(g) = -2*g**2 + 907*g - 10005. Give i(11).
-270
Let c(w) = -w**3 + 40736*w**2 - 203656*w - 3. Determine c(5).
-8
Let v(f) = -63616*f - 890611. Give v(-14).
13
Let s(j) = j**3 - 48*j**2 + 620*j - 1061. What is s(22)?
-5
Let k(f) = f**3 + 31*f**2 - 43*f + 840. What is k(-36)?
-4092
Let l(m) = 11967*m - 1459990. Determine l(122).
-16
Let t(g) = -g**2 + 111*g - 3171. Calculate t(94).
-1573
Let o(b) = -3*b**2 - 4022*b - 189862. What is o(-49)?
13
Let m(y) = -2*y**2 + 1042*y - 41975. Give m(477).
1
Let h(x) = x**3 + 359*x**2 - 62332*x - 535. What is h(128)?
-23
Let j(i) = -54*i**3 + 7*i**2 - 61*i - 70. Give j(-1).
52
Let d(t) = 37*t**3 - 662*t**2 - 45*t - 494. What is d(18)?
-8
Let k(h) = -1778*h - 8912. What is k(-5)?
-22
Let b(n) = 400*n + 68040. Determine b(-170).
40
Let l(t) = t**2 + 2553*t - 679341. Determine l(243).
87
Let m(o) = o**3 - 638*o**2 + 4467*o - 31548. Give m(631).
2
Let r(g) = 3*g**3 - 535*g**2 - 376*g + 3259. What is r(179)?
37
Let o(i) = 3*i**2 - 21347*i - 128196. Give o(-6).
-6
Let f(c) = -c**3 + 42*c**2 + 285*c + 23663. Give f(55).
13
Let n(q) = 7*q**3 - 516*q**2 - 639*q - 2642. Calculate n(75).
58
Let x(o) = -11066*o - 77459. Calculate x(-7).
3
Let f(h) = -h**2 + 3267*h + 6544. Give f(-2).
6
Let t(w) = -30*w**3 + 264*w**2 + 72*w - 139. Give t(9).
23
Let j(c) = -2394*c**2 - 935*c - 7. Give j(1).
-3336
Let n(h) = h**3 + 425*h**2 + 1508*h - 74089. What is n(-421)?
7
Let f(a) = 38*a**2 - 288*a - 2380. Determine f(-5).
10
Let x(l) = 11*l**3 - 35*l**2 - 37*l + 40. Determine x(4).
36
Let j(f) = f**2 + 455*f + 42770. Determine j(-133).
-56
Let b(y) = -4*y**3 + 2*y**2 - 750020*y + 750018. Determine b(1).
-4
Let b(z) = -42*z**2 - 2842*z - 9851. Give b(-64).
5
Let u(g) = -g**2 + 80*g + 28. Determine u(82).
-136
Let p(d) = 165*d**2 - 838*d + 138. Calculate p(6).
1050
Let v(x) = 117988*x - 472045. What is v(4)?
-93
Let v(b) = -6*b**2 - 244*b + 2048. What is v(-50)?
-752
Let f(p) = -3*p**2 + 447*p + 5233. What is f(-12)?
-563
Let g(y) = 5*y**3 - 2729*y**2 - 470*y - 41530. What is g(546)?
-34
Let s(i) = -2984*i - 5895. What is s(-2)?
73
Let o(h) = 3*h**3 - 286*h**2 - 194*h + 309. Calculate o(96).
117
Let y(o) = -108*o**2 + 1309*o - 2615. Give y(2).
-429
Let i(l) = -l**3 - 6*l**2 - 32*l - 113. Give i(-6).
79
Let u(g) = -g**3 + 79*g**2 - 190*g + 2741. Calculate u(77).
-31
Let g(n) = -n**3 + 49*n**2 - 1555*n + 66549. Give g(46).
1367
Let v(r) = r**2 - 3819*r + 1129217. What is v(323)?
9
Let t(l) = -26*l**2 + 699*l + 4159. Calculate t(-5).
14
Let j(o) = 2*o**3 + 57*o**2 + 404*o - 247. Calculate j(-17).
-468
Let m(z) = -5*z**3 + 45*z**2 + 186*z - 60. Give m(-4).
236
Let s(i) = -69341*i + 417665. Calculate s(6).
1619
Let n(s) = -7*s**3 + 10*s**2 + 27*s - 13. Determine n(-7).
2689
Let i(u) = 4*u**2 + 155*u + 2140. What is i(-16)?
684
Let p(r) = r**3 + 382*r**2 - 5944*r + 4337. What is p(-397)?
-30
Let r(l) = 6*l**3 + 1090*l**2 - 310*l + 9833. Determine r(-182).
5
Let j(x) = -693*x + 37725. Determine j(54).
303
Let f(j) = -32*j**2 - 13717*j + 4539. What is f(-429)?
-180
Let h(x) = -2*x**3 + 345*x**2 + 1596*x - 216. What is h(177)?
315
Let n(j) = j**3 - 49*j**2 + 596*j - 80. Give n(26).
-132
Let f(w) = -10952*w - 8049708. Determine f(-735).
12
Let j(g) = g**3 + 11*g**2 - 6838*g - 54900. Determine j(-8).
-4
Let s(q) = q**2 - 31007*q + 371938. Determine s(12).
-2
Let r(i) = -1812*i**2 - 3608*i + 3. What is r(-2)?
-29
Let f(z) = 10*z**3 - 85*z**2 + 357*z - 1266. What is f(6)?
-24
Let n(a) = -a**3 + 35*a**2 - 1262*a + 15331. Determine n(16).
3
Let x(q) = -16*q**2 + 64*q + 43. Calculate x(5).
-37
Let k(t) = 5178*t - 2029. Give k(1).
3149
Let v(l) = -362*l**3 + 43080*l**2 - 267*l + 3450. Determine v(119).
-1
Let k(t) = -19*t**3 + 1653*t**2 + 31*t - 2685. Determine k(87).
12
Let m(x) = -8*x**2 - 217*x - 1386. What is m(-17)?
-9
Let m(s) = 74395*s**2 - 74381*s - 18. What is m(1)?
-4
Let y(q) = q**3 + 328*q**2 + 16491*q - 274. What is y(-266)?
-8
Let y(m) = 10257*m + 102574. Determine y(-10).
4
Let j(s) = 159*s - 27560. Calculate j(173).
-53
Let k(d) = -323*d**2 + 86*d + 155. What is k(-3)?
-3010
Let f(x) = -x**2 + 77691*x + 543849. What is f(-7)?
-37
Let f(v) = 3728*v - 55809. Give f(15).
111
Let d(n) = n**3 + 583*n**2 + 6295*n + 3. Give d(-11).
-30
Let s(p) = -208*p**2 - 5206*p - 203. Calculate s(-25).
-53
Let l(y) = -221596*y - 1329751. What is l(-6)?
-175
Let c(j) = -j**2 - 1160*j - 65139. Calculate c(-59).
-180
Let r(q) = -1471*q + 67139. Determine r(46).
-527
Let u(p) = -p**2 + 1116*p + 13570. Calculate u(-12).
34
Let v(u) = 872*u + 22455. What is v(-26)?
-217
Let y(m) = -3*m**3 + 37*m**2 - 33*m + 269. Calculate y(12).
17
Let b(z) = -2183*z + 4164. Give b(2).
-202
Let s(r) = 12123*r + 10631862. Determine s(-877).
-9
Let c(j) = -20232*j + 141749. Calculate c(7).
125
Let r(k) = 37*k - 2391. Determine r(87).
828
Let o(k) = 6*k**2 + 583*k + 668. Calculate o(-96).
-4
Let w(q) = -9*q**2 - 81*q + 120. Calculate w(9).
-1338
Let a(y) = y**2 + 539*y + 7470. What is a(-14)?
120
Let a(z) = 35642*z + 1069223. Calculate a(-30).
-37
Let n(c) = 2*c**2 - 431*c + 21220. What is n(85)?
-965
Let y(r) = -5886*r - 2619278. Calculate y(-445).
-8
Let t(j) = -13*j**3 + 2*j**2 + 22*j - 10. Give t(3).
-277
Let m(l) = -240*l - 4153. Calculate m(-8).
-2233
Let v(l) = -4635*l - 44244. Calculate v(-9).
-2529
Let h(j) = -936*j + 20304. Give h(24).
-2160
Let s(l) = -29*l**2 + 124*l - 564. Determine s(9).
-1797
Let a(t) = t**2 + 94*t + 4038. Give a(-72).
2454
Let y(w) = 38*w**3 - 46*w**2 + 135*w - 389. Calculate y(3).
628
Let r(u) = -177*u**2 + 6367*u + 214. Calculate r(36).
34
Let s(t) = -55*t**2 + 3041*t - 897. Give s(55).
-17
Let t(w) = 466821*w + 18206020. Determine t(-39).
1
Let d(p) = -682*p - 91705. Determine d(-134).
-317
Let v(c) = 1347*c - 218217. Calculate v(162).
-3
Let m(c) = 3*c**2 - 1419*c + 13876. Give m(10).
-14
Let u(g) = 690*g**2 + 592*g + 1794. What is u(-3)?
6228
Let b(a) = -913*a + 17565. Give b(19).
218
Let z(i) = -i**3 + 8*i**2 + 303*i + 136. Give z(22).
26
Let j(m) = 2681*m + 3110. What is j(-1)?
429
Let y(p) = 5446*p - 255745. Give y(47).
217
Let d(m) = m**3 - 3162*m**2 + 81558*m - 461. Calculate d(26).
111
Let j(f) = 2*f**2 - 97*f + 294. What is j(32)?
-762
Let r(g) = 2*g**2 + 776*g - 6163. Calculate r(8).
173
Let n(w) = -17*w**2 - 2728*w - 10633. What is n(-4)?
7
Let r(z) = 9*z**3 + 17550*z**2 - 17560*z - 1974. Determine r(-1951).
-23
Let x(h) = 3*h**2 + 2551*h - 299864. Calculate x(-955).
6
Let n(g) = 10*g**2 + 787*g + 8373. Determine n(-66).
-9
Let s(a) = -4*a**3 + 8*a**2 - 427*a + 3356. Calculate s(8).
-1596
Let j(q) = 164*q + 523. Give j(6).
1507
Let k(d) = d**3 + 4686*d**2 + 51433*d + 77. Give k(-11).
-11
Let a(z) = 16*z**3 - 260*z**2 + 335*z - 4362. Give a(16).
-26
Let r(f) = f**3 - 4*f**2 - 291*f - 1214. Determine r(-12).
-26
Let c(b) = -187*b - 20734. Calculate c(-113).
397
Let m(i) = i**3 - 4*i**